{"id":35,"date":"2016-02-12T12:59:29","date_gmt":"2016-02-12T11:59:29","guid":{"rendered":"http:\/\/pages.pedf.cuni.cz\/vytvarnavychova\/?page_id=35"},"modified":"2023-07-09T20:58:20","modified_gmt":"2023-07-09T18:58:20","slug":"vydavatelske-udaje","status":"publish","type":"page","link":"https:\/\/pages.pedf.cuni.cz\/vytvarnavychova\/vydavatelske-udaje\/","title":{"rendered":"Vydavatelsk\u00e9 \u00fadaje"},"content":{"rendered":"<p><strong>V\u00fdtvarn\u00e1 v\u00fdchova<\/strong><br \/>\n\u010dasopis pro v\u00fdtvarnou a obecn\u011b estetickou v\u00fdchovu \u0161koln\u00ed a mimo\u0161koln\u00ed<\/p>\n<p><strong>Vyd\u00e1v\u00e1:<\/strong><br \/>\nUniverzita Karlova v Praze<br \/>\nPedagogick\u00e1 fakulta<\/p>\n<p><strong>Adresa redakce:<\/strong><br \/>\nRedakce \u010dasopisu V\u00fdtvarn\u00e1 v\u00fdchova<br \/>\nPedagogick\u00e1 fakulta UK<br \/>\nM. D. Rettigov\u00e9 4, 116 39 Praha 1<br \/>\nKontakt: <a href=\"mailto:vytvarna.vychova@pedf.cuni.cz\">vytvarna.vychova@pedf.cuni.cz<\/a><\/p>\n<p><strong>Tisk:<\/strong> Tisk\u00e1rna nakladatelstv\u00ed Karolinum<\/p>\n<p><strong>Kategorie periodika:<\/strong><br \/>\nRecenzovan\u00e9 neimpaktovan\u00e9 periodikum vyd\u00e1van\u00e9 v \u010cR.<\/p>\n<p>RS 5096<\/p>\n<p>ISSN 1210-3691 (Print)<\/p>\n<p>ISSN 2695-0669 (On-line)<\/p>\n<p><strong>Redak\u010dn\u00ed rada<\/strong><\/p>\n<p><strong>P\u0159edsedkyn\u011b:<\/strong><\/p>\n<p><strong>Mgr. Helena Kafkov\u00e1, Ph.D. <\/strong><br \/>\nKatedra v\u00fdtvarn\u00e9 v\u00fdchovy Pedagogick\u00e9 fakulty Univerzity Karlovy v\u00a0Praze<\/p>\n<p><strong>V\u00fdkonn\u00e1 redakce:<\/strong><\/p>\n<p><strong>PhDr. Leonora Kitzbergerov\u00e1, Ph.D.<\/strong><br \/>\nKatedra v\u00fdtvarn\u00e9 v\u00fdchovy Pedagogick\u00e9 fakulty Univerzity Karlovy v\u00a0Praze E-mail: <a href=\"mailto:leonora.kitzbergerova@pedf.cuni.cz\">leonora.kitzbergerova@pedf.cuni.cz<\/a><\/p>\n<p><strong>doc. PhDr. Marie Fulkov\u00e1, Ph.D.<\/strong><br \/>\nKatedra v\u00fdtvarn\u00e9 v\u00fdchovy Pedagogick\u00e9 fakulty Univerzity Karlovy v Praze<br \/>\nE-mail: <a href=\"mailto:marie.fulkova@pedf.cuni.cz\">marie.fulkova@pedf.cuni.cz<\/a><\/p>\n<p><strong>Technick\u00e1 redakce:<\/strong><\/p>\n<p><strong>Mgr. Ivana \u010cechov\u00e1<\/strong><br \/>\nvedouc\u00ed vydavatelstv\u00ed, Pedagogick\u00e1 fakulta Univerzity Karlovy v\u00a0Praze<\/p>\n<p><strong>PhDr. Michal Filip, Ph.D.<\/strong><br \/>\nwebmaster, Katedra pedagogiky Teologick\u00e9 fakulty Jiho\u010desk\u00e9 univerzity v \u010cesk\u00fdch Bud\u011bjovic\u00edch<\/p>\n<p><strong>PhDr. Ale\u0161 Posp\u00ed\u0161il, Ph.D.<\/strong><br \/>\nKatedra v\u00fdtvarn\u00e9 v\u00fdchovy Pedagogick\u00e9 fakulty Jiho\u010desk\u00e9 univerzity v \u010cesk\u00fdch Bud\u011bjovic\u00edch<\/p>\n<p><strong>PhDr. Katar\u00edna P\u0159ikrylov\u00e1, Ph.D.<\/strong><br \/>\neditorka online verze, Katedra v\u00fdtvarn\u00e9 kultury a textiln\u00ed tvorby Pedagogick\u00e9 fakulty Univerzity Hradec Kr\u00e1lov\u00e9<\/p>\n<p><strong>PhDr. Miroslava \u0160pa\u010dkov\u00e1, Ph.D.<\/strong><br \/>\ngrafick\u00e1 \u00faprava<\/p>\n<p><strong>Dal\u0161\u00ed \u010dlenov\u00e9 redak\u010dn\u00ed rady:<\/strong><\/p>\n<p><strong>Mgr. Karla Br\u00fccknerov\u00e1, Ph.D.<\/strong><br \/>\n\u00dastav pedagogick\u00fdch v\u011bd Filozofick\u00e9 fakulty Masarykovy univerzity v Brn\u011b<\/p>\n<p><strong>Mgr. Miroslav Divina<\/strong><br \/>\nMoravsk\u00e1 galerie v Brn\u011b, doktorand na Filozofick\u00e9 fakult\u011b Masarykovy univerzity v Brn\u011b<\/p>\n<p><strong>doc. Mgr. Kate\u0159ina Dytrtov\u00e1, Ph.D.<\/strong><br \/>\nKatedra d\u011bjin a teorie um\u011bn\u00ed Fakulty um\u011bn\u00ed a designu Univerzity Jana Evangelisty Purkyn\u011b v \u00dast\u00ed nad Labem<\/p>\n<p><strong>Mgr. Vendula Fremlov\u00e1, Ph.D.<\/strong><br \/>\nKatedra v\u00fdtvarn\u00e9 v\u00fdchovy Pedagogick\u00e9 fakulty Univerzity Karlovy v Praze<\/p>\n<p><strong>prof. PaedDr. Radek Hor\u00e1\u010dek, Ph.D.<\/strong><br \/>\nKatedra v\u00fdtvarn\u00e9 v\u00fdchovy Pedagogick\u00e9 fakulty Masarykovy univerzity v Brn\u011b<\/p>\n<p><strong>Mgr. Jana Jiroutov\u00e1<\/strong><br \/>\ndoktorandka na Kated\u0159e v\u00fdtvarn\u00e9 v\u00fdchovy Pedagogick\u00e9 fakulty Univerzity Palack\u00e9ho v Olomouci<\/p>\n<p><strong>PhDr. Helena Justov\u00e1<\/strong><br \/>\nPedagogick\u00e1 fakulta Univerzity Karlovy v Praze<\/p>\n<p><strong>Mgr. Michaela Ku\u0159\u00edkov\u00e1, Ph.D<\/strong>.<br \/>\nKatedra v\u00fdtvarn\u00e9 v\u00fdchovy Pedagogick\u00e9 fakulty Univerzity Karlovy v Praze<\/p>\n<p><strong>Mgr. Tom\u00e1\u0161 Komrska<\/strong><br \/>\nZ\u00e1kladn\u00ed \u0161kola Praha 7, Korunova\u010dn\u00ed<\/p>\n<p><strong>PaedDr. Jana Langerov\u00e1<\/strong><br \/>\nZ\u00e1kladn\u00ed um\u011bleck\u00e1 \u0161kola, Praha<\/p>\n<p><strong>Mgr. Jind\u0159ich Lukavsk\u00fd, Ph.D.<\/strong><br \/>\nFakulta designu a um\u011bn\u00ed Ladislava Sutnara Z\u00e1pado\u010desk\u00e9 univerzity v Plzni<\/p>\n<p><strong>doc. Mgr. Luk\u00e1\u0161 Makky, PhD<\/strong>.<br \/>\nUNIPO &#8211; Pre\u0161ovsk\u00e1 univerzita<\/p>\n<p><strong>Mgr. Jana Miga\u0161ov\u00e1, PhD.<\/strong><br \/>\nUNIPO &#8211; Pre\u0161ovsk\u00e1 univerzita<\/p>\n<p><strong>prof. PhDr. Erich Mistr\u00edk, CSc.<\/strong><br \/>\nKatedra etickej a ob\u010dianskej v\u00fdchovy Pedagogick\u00e9 fakulty Univerzity Komensk\u00e9ho v Bratislave<\/p>\n<p><strong>Mgr. et MgA. Dagmar My\u0161\u00e1kov\u00e1, Ph.D.<\/strong><br \/>\nKatedra v\u00fdtvarn\u00e9 kultury Pedagogick\u00e9 fakulty Univerzity Jana Evangelisty Purkyn\u011b v \u00dast\u00ed nad Labem<\/p>\n<p><strong>Mgr. Magdalena Novotn\u00e1, Ph.D.<\/strong><br \/>\nKatedra v\u00fdtvarn\u00e9 v\u00fdchovy, Pedagogick\u00e1 fakulta, Univerzita Karlova, Praha<\/p>\n<p><strong>PaedDr. Mark\u00e9ta Pastorov\u00e1<\/strong><br \/>\nN\u00e1rodn\u00ed \u00fastav pro vzd\u011bl\u00e1v\u00e1n\u00ed<\/p>\n<p><strong>Mgr. Michaela Pa\u0161tekov\u00e1, PhD.<\/strong><br \/>\nKatedra te\u00f3rie a dej\u00edn umenia Vysok\u00e1 \u0161kola v\u00fdtvarn\u00fdch umen\u00ed, Bratislava<\/p>\n<p><strong>doc. PhDr. Tom\u00e1\u0161 Pavl\u00ed\u010dek, Ph.D.<\/strong><br \/>\nKatedra d\u011bjin a teorie um\u011bn\u00ed Fakulty um\u011bn\u00ed a designu Univerzity Jana Evangelisty Purkyn\u011b v \u00dast\u00ed nad Labem<\/p>\n<p><strong>Doc. PhDr. Martin Raudensk\u00fd, Ph.D.<\/strong><br \/>\nKatedra v\u00fdtvarn\u00e9 v\u00fdchovy, Pedagogick\u00e1 fakulta, Univerzita Karlova, Praha<\/p>\n<p><strong>Krist\u00fdna \u0158\u00edhov\u00e1<\/strong><br \/>\nKatedra v\u00fdtvarn\u00e9 v\u00fdchovy, Pedagogick\u00e1 fakulta, Univerzita Karlova, Praha<\/p>\n<p><strong>PhDr. V\u011bra Uhl Sk\u0159ivanov\u00e1, Ph.D.<\/strong><br \/>\nKatedra v\u00fdtvarn\u00e9 kultury Pedagogick\u00e9 fakulty Z\u00e1pado\u010desk\u00e9 univerzity v Plzni<br \/>\nE-mail: <a href=\"mailto:vera.uhlskrivanova@pedf.cuni.cz\">vera.uhlskrivanova@pedf.cuni.cz<\/a><\/p>\n<p><strong>MgA. Petra Vargov\u00e1<\/strong><br \/>\nKatedra v\u00fdtvarn\u00e9 v\u00fdchovy, Pedagogick\u00e1 fakulta, Univerzita Karlova, Praha<\/p>\n<p><strong>Doc. Anna Varteck\u00e1, Ph.D.<\/strong><br \/>\nKatedra v\u00fdtvarn\u00e9 v\u00fdchovy, Pedagogick\u00e1 fakulta, Univerzita Karlova, Praha<\/p>\n","protected":false},"excerpt":{"rendered":"<p>V\u00fdtvarn\u00e1 v\u00fdchova \u010dasopis pro v\u00fdtvarnou a obecn\u011b estetickou v\u00fdchovu \u0161koln\u00ed a mimo\u0161koln\u00ed Vyd\u00e1v\u00e1: Univerzita Karlova v Praze Pedagogick\u00e1 fakulta Adresa redakce: Redakce \u010dasopisu V\u00fdtvarn\u00e1 v\u00fdchova Pedagogick\u00e1 fakulta UK M. D. Rettigov\u00e9 4, 116 39 Praha 1 Kontakt: vytvarna.vychova@pedf.cuni.cz Tisk: Tisk\u00e1rna <a class=\"more-link\" href=\"https:\/\/pages.pedf.cuni.cz\/vytvarnavychova\/vydavatelske-udaje\/\">Cel\u00fd \u010dl\u00e1nek  <span class=\"screen-reader-text\">  Vydavatelsk\u00e9 \u00fadaje<\/span><span class=\"meta-nav\">&rarr;<\/span><\/a><\/p>\n","protected":false},"author":438,"featured_media":0,"parent":0,"menu_order":4,"comment_status":"closed","ping_status":"closed","template":"page-disable-sidebar.php","meta":{"footnotes":""},"class_list":["post-35","page","type-page","status-publish","hentry"],"_links":{"self":[{"href":"https:\/\/pages.pedf.cuni.cz\/vytvarnavychova\/wp-json\/wp\/v2\/pages\/35","targetHints":{"allow":["GET"]}}],"collection":[{"href":"https:\/\/pages.pedf.cuni.cz\/vytvarnavychova\/wp-json\/wp\/v2\/pages"}],"about":[{"href":"https:\/\/pages.pedf.cuni.cz\/vytvarnavychova\/wp-json\/wp\/v2\/types\/page"}],"author":[{"embeddable":true,"href":"https:\/\/pages.pedf.cuni.cz\/vytvarnavychova\/wp-json\/wp\/v2\/users\/438"}],"replies":[{"embeddable":true,"href":"https:\/\/pages.pedf.cuni.cz\/vytvarnavychova\/wp-json\/wp\/v2\/comments?post=35"}],"version-history":[{"count":10,"href":"https:\/\/pages.pedf.cuni.cz\/vytvarnavychova\/wp-json\/wp\/v2\/pages\/35\/revisions"}],"predecessor-version":[{"id":506,"href":"https:\/\/pages.pedf.cuni.cz\/vytvarnavychova\/wp-json\/wp\/v2\/pages\/35\/revisions\/506"}],"wp:attachment":[{"href":"https:\/\/pages.pedf.cuni.cz\/vytvarnavychova\/wp-json\/wp\/v2\/media?parent=35"}],"curies":[{"name":"wp","href":"https:\/\/api.w.org\/{rel}","templated":true}]}}