{"id":38,"date":"2016-02-12T13:01:53","date_gmt":"2016-02-12T12:01:53","guid":{"rendered":"http:\/\/pages.pedf.cuni.cz\/vytvarnavychova\/?page_id=38"},"modified":"2024-02-06T11:59:05","modified_gmt":"2024-02-06T10:59:05","slug":"aktuality","status":"publish","type":"page","link":"https:\/\/pages.pedf.cuni.cz\/vytvarnavychova\/","title":{"rendered":"Aktuality"},"content":{"rendered":"<div dir=\"ltr\">\n<div dir=\"ltr\">\n<div class=\"t pg-1m0 pg-1x0 pg-1h3 pg-1yc pg-1ff1 pg-1fs0 pg-1fc0 pg-1sc0 pg-1ls0 pg-1ws0\">\n<div id=\"pf1\" class=\"dp-page-outer\">\n<div class=\"dp-page-inner\">\n<div id=\"pg-1pf1\" class=\"pf pg-1w0 pg-1h0\">\n<div class=\"pc pg-1pc1 pg-1w0 pg-1h0\">\n<div class=\"c pg-1x0 pg-1y0 pg-1w1 pg-1h1\">\n<div>\n<div dir=\"ltr\"><strong>\u010c\u00edslo 1,2\/24 vyjde v elektronick\u00e9 podob\u011b v r\u00e1mci publika\u010dn\u00edho syst\u00e9mu<\/strong><\/div>\n<div dir=\"ltr\"><strong>OJS<\/strong> <strong style=\"font-size: 15px\"><a href=\"https:\/\/ojs.cuni.cz\/vytvarnavychova\">zde. <\/a><\/strong><span style=\"font-size: 15px\">V p\u0159\u00edpad\u011b z\u00e1jmu o registraci do syst\u00e9mu OJS (registraci vy\u0159izuje manager OJS &#8211; je nutn\u00e1 pro v\u0161echny autory) napi\u0161te pros\u00edm na mail: <\/span><a style=\"font-size: 15px\" href=\"mailto:vytvarna.vychova@pedf.cuni.cz\">vytvarna.vychova@pedf.cuni.cz<\/a><\/div>\n<\/div>\n<div>\u00a0<\/div>\n<div><strong>19. 1. 2024<\/strong> by se do\u017eil 80 let b\u00fdval\u00fd \u0161\u00e9fredaktor \u010dasopisu V\u00fdtvarn\u00e1 v\u00fdchova <strong>Pavel \u0160am\u0161ula<\/strong>.<\/div>\n<div>\u00a0<\/div>\n<\/div>\n<\/div>\n<\/div>\n<\/div>\n<\/div>\n<\/div>\n<\/div>\n<div dir=\"ltr\">\n<div class=\"t pg-1m0 pg-1x0 pg-1h3 pg-1yc pg-1ff1 pg-1fs0 pg-1fc0 pg-1sc0 pg-1ls0 pg-1ws0\">\n<p><strong><span class=\"TextRun SCXW267002471 BCX8\" lang=\"CS-CZ\" xml:lang=\"CS-CZ\" data-contrast=\"auto\"><span class=\"NormalTextRun SCXW267002471 BCX8\">\u010cesk\u00e1 sekce INSEA<\/span><\/span><\/strong><span class=\"TextRun SCXW267002471 BCX8\" lang=\"CS-CZ\" xml:lang=\"CS-CZ\" data-contrast=\"none\"><span class=\"NormalTextRun SCXW267002471 BCX8\">\u00a0ve spolupr\u00e1ci s\u00a0Jiho\u010deskou univerzitou v\u00a0\u010c.\u00a0Bud\u011bjovic\u00edch<\/span><span class=\"NormalTextRun SCXW267002471 BCX8\">\u00a0vydal<\/span><span class=\"NormalTextRun SCXW267002471 BCX8\">a<\/span><span class=\"NormalTextRun SCXW267002471 BCX8\">\u00a0novou publikaci<\/span><span class=\"NormalTextRun SCXW267002471 BCX8\">.\u00a0<\/span><span class=\"NormalTextRun SCXW267002471 BCX8\">Jedn\u00e1 se o kolektivn\u00ed monografii s\u00a0n\u00e1zvem\u00a0<\/span><\/span><span class=\"TextRun SCXW267002471 BCX8\" lang=\"CS-CZ\" xml:lang=\"CS-CZ\" data-contrast=\"none\"><span class=\"NormalTextRun SCXW267002471 BCX8\"><em>Krajina jako n\u00e1m\u011bt a\u00a0m\u00e9dium ve v\u00fdtvarn\u00e9 v\u00fdchov\u011b<\/em>.<\/span><\/span><span class=\"TextRun SCXW267002471 BCX8\" lang=\"CS-CZ\" xml:lang=\"CS-CZ\" data-contrast=\"none\"><span class=\"NormalTextRun SCXW267002471 BCX8\">A<\/span><span class=\"NormalTextRun SCXW267002471 BCX8\">utory jsou \u010dlenov\u00e9 KVV PF\u00a0JU dr.\u00a0Karel \u0158epa, dr.\u00a0Ale\u0161 Posp\u00ed\u0161il, dr.\u00a0Zuzana Duchkov\u00e1 a\u00a0dr.\u00a0Michal Filip z\u00a0KPE TF\u00a0JU.<\/span><\/span><img decoding=\"async\" src=\"https:\/\/pages.pedf.cuni.cz\/vytvarnavychova\/files\/2021\/11\/krajina_obalka_webVV-1.png\" \/><\/p>\n<p><span data-contrast=\"none\">Publikace sleduje aktu\u00e1ln\u00ed po\u017eadavky v\u00fdtvarn\u011b-eduka\u010dn\u00edho diskurzu s p\u0159ihl\u00e9dnut\u00edm k mezioborov\u00fdm konotac\u00edm. Klade za c\u00edl slou\u017eit jako alternativn\u00ed didaktick\u00fd a metodick\u00fd zdroj nejen pro u\u010ditele v\u00fdtvarn\u00e9 v\u00fdchovy na obou stupn\u00edch z\u00e1kladn\u00edch \u0161kol, ale i pro v\u00fdtvarnou v\u00fdchovu volno\u010dasovou. <\/span><\/p>\n<p><span data-contrast=\"none\">Auto\u0159i p\u0159istupuj\u00ed k problematice krajiny ve v\u00fdtvarn\u00e9 v\u00fdchov\u011b z \u0161irok\u00e9ho spektra mo\u017en\u00fdch v\u00fdchodisek, s nimi\u017e \u201e\u010dtivou\u201c formou seznamuj\u00ed \u010dten\u00e1\u0159e knihy. Krom\u011b obecn\u00e9ho pojedn\u00e1n\u00ed o krajin\u011b z pohledu rozmanit\u00fdch v\u011bdn\u00edch discipl\u00edn se text zab\u00fdv\u00e1 pozic\u00ed krajiny v zrcadle v\u00fdtvarn\u00e9 kultury a z\u00e1rove\u0148 aktualizuje edukativn\u00ed odkaz tradi\u010dn\u00edch forem krajinomalby a od n\u011bj se odv\u00edjej\u00edc\u00ed \u017e\u00e1nrov\u00e9 tematiky.<\/span><\/p>\n<p><span data-contrast=\"none\">Praktick\u00e9 vyu\u017eit\u00ed knihy podtrhuje rozs\u00e1hl\u00fd soubor metodick\u00fdch list\u016f, v nich\u017e jsou detailn\u011b rozpracov\u00e1na realizovan\u00e1 zad\u00e1n\u00ed vztahuj\u00edc\u00ed se k n\u00e1m\u011btu krajiny dle ucelen\u00e9,\u00a0\u00a0jednotn\u00e9 struktury. <\/span><span data-contrast=\"none\">Didaktick\u00e1 anal\u00fdza p\u0159edstavuje mo\u017enosti tvo\u0159iv\u00e9ho uchopen\u00ed \u0161irok\u00e9ho n\u00e1m\u011btov\u00e9ho spektra, kter\u00e9 lze na fenom\u00e9nu krajiny vystav\u011bt v\u00a0r\u00e1mci studijn\u00edch, imaginativn\u00edch a\u00a0experiment\u00e1ln\u00edch forem v\u00fdtvarn\u00fdch \u010dinnost\u00ed. V\u00a0n\u00e1vaznosti na sou\u010dasn\u00fd vzd\u011bl\u00e1vac\u00ed diskurz se zab\u00fdv\u00e1 tak\u00e9 obecn\u011bji pojatou environment\u00e1ln\u00ed tvorbou v\u00a0krajin\u011b.<\/span><\/p>\n<p>Z\u00e1jemci si mohou knihu koupit na e-shopu Jiho\u010desk\u00e9 univerzity <a href=\"https:\/\/eshop.jcu.cz\/simplifyworks\/eoc\/product\/37655821\">zde<\/a><\/p>\n<p><strong>Karla Cik\u00e1nov\u00e1<\/strong> &#8211; gratulace k \u017eivotn\u00edmu jubileu &#8211; v\u00edce <a href=\"https:\/\/pages.pedf.cuni.cz\/vytvarnavychova\/files\/2021\/06\/GRATULACE-KACI.pdf\">zde<\/a><\/p>\n<p>Vald\u0161tejnsk\u00e1 j\u00edzd\u00e1rna od 9. dubna host\u00ed v\u00fdznamn\u00e9 jm\u00e9no \u010desk\u00e9 um\u011bleck\u00e9 sc\u00e9ny 20. stolet\u00ed \u2013 Toyen. Mezin\u00e1rodn\u00ed v\u00fdstavn\u00ed projekt Toyen: Sn\u00edc\u00ed rebelka, kter\u00fd p\u0159ipravila N\u00e1rodn\u00ed galerie Praha ve spolupr\u00e1ci s Hamburger Kunsthalle a Mus\u00e9e d&#8217;Art Moderne de Paris \u2013 Paris Mus\u00e9es, vyzvedne krom\u011b d\u016fle\u017eit\u00fdch etap tvorby surrealistick\u00e9 um\u011blkyn\u011b tak\u00e9 hlavn\u00ed t\u00e9mata z jej\u00edho d\u00edla, nap\u0159\u00edklad erotiku \u010di alchymii.<\/p>\n<p>V\u00fdstava, kter\u00e1 bude pozd\u011bji p\u0159edstavena v Hamburgu i Pa\u0159\u00ed\u017ei, m\u011bla b\u00fdt pro ve\u0159ejnost otev\u0159ena v Praze pr\u00e1v\u011b 9. dubna. S ohledem na p\u0159etrv\u00e1vaj\u00edc\u00ed opat\u0159en\u00ed bude v\u0161ak je\u0161t\u011b trp\u011bliv\u011b \u010dekat, ne\u017e p\u0159iv\u00edt\u00e1 prvn\u00ed n\u00e1v\u0161t\u011bvn\u00edky. Do t\u00e9 doby se s Toyen budou z\u00e1jemci potk\u00e1vat alespo\u0148 prost\u0159ednictv\u00edm soci\u00e1ln\u00edch s\u00edt\u00ed.<\/p>\n<p>v\u00edce informac\u00ed <a href=\"https:\/\/pages.pedf.cuni.cz\/vytvarnavychova\/files\/2021\/04\/TZ-NGP_Toyen_Snici-rebelka.docx\">zde<\/a><\/p>\n<p><img decoding=\"async\" src=\"https:\/\/pages.pedf.cuni.cz\/vytvarnavychova\/files\/2021\/04\/Toyen-Na-zamku-La-Coste-1943-NGP.jpg\" \/><\/p>\n<\/div>\n<\/div>\n<\/div>\n<div dir=\"ltr\">\n<div dir=\"ltr\"><strong><img decoding=\"async\" src=\"https:\/\/pages.pedf.cuni.cz\/vytvarnavychova\/files\/2021\/03\/bily-ctverec-50x50bWEB.jpg\" \/><\/strong><\/div>\n<div dir=\"ltr\"><strong>Katedra v\u00fdtvarn\u00e9 v\u00fdchovy PedF UK se \u00fa\u010dastn\u00ed mezin\u00e1rodn\u00edho v\u00fdzkumn\u00e9ho projektu HORIZON 2020\/AMASS 870621. Acting on the Margin &#8211; Arts as a Social Sculpture (2020-2023) <\/strong>v\u00edce informac\u00ed <a href=\"https:\/\/tarantula.ruk.cuni.cz\/AKTUALITY-12182-version1-prezentace_kolegium_ii1.pdf\">zde<\/a><\/div>\n<div dir=\"ltr\">let\u00e1k ke sta\u017een\u00ed <a href=\"https:\/\/pages.pedf.cuni.cz\/vytvarnavychova\/files\/2021\/03\/grafika.pdf\">zde<\/a><\/div>\n<div dir=\"ltr\"><img decoding=\"async\" src=\"https:\/\/pages.pedf.cuni.cz\/vytvarnavychova\/files\/2021\/03\/bily-ctverec-50x50bWEB.jpg\" \/><\/div>\n<div dir=\"ltr\">\u00a0<\/div>\n<div dir=\"ltr\">\u00a0<\/div>\n<div dir=\"ltr\"><strong>Eduka\u010dn\u00ed aktivity z oblasti v\u00fdtvarn\u00e9 v\u00fdchovy v dob\u011b uzav\u0159en\u00ed \u0161kol a galeri\u00ed b\u011bhem epidemiologick\u00e9 krize<\/strong><\/div>\n<\/div>\n<div dir=\"ltr\">\u00a0<\/div>\n<div dir=\"ltr\">v dob\u011b uzav\u0159en\u00ed \u0161kol i galeri\u00ed V\u00e1m Galerie hl. m. Prahy nab\u00edz\u00ed zaj\u00edmav\u00e9, pestr\u00e9 a inspirativn\u00ed online vzd\u011bl\u00e1vac\u00ed materi\u00e1ly pro eduka\u010dn\u00ed aktivity.<\/div>\n<div dir=\"ltr\">\n<div dir=\"ltr\">\n<p>Odkaz na online eduka\u010dn\u00ed listy, vzd\u011bl\u00e1vac\u00ed tutori\u00e1ly (videa), metodick\u00e9 materi\u00e1ly atd. <span style=\"font-size: 15px\">je <\/span><a style=\"font-size: 15px\" href=\"https:\/\/www.ghmp.cz\/artoteka\/?kategorie=204&amp;autor=0&amp;typ=0&amp;text=\">zde.<\/a><\/p>\n<\/div>\n<\/div>\n<div dir=\"ltr\"><img decoding=\"async\" src=\"https:\/\/pages.pedf.cuni.cz\/vytvarnavychova\/files\/2021\/03\/5.jpg\" \/><\/div>\n<p><strong><img decoding=\"async\" src=\"https:\/\/pages.pedf.cuni.cz\/vytvarnavychova\/files\/2021\/03\/bily-ctverec-50x50bWEB.jpg\" \/><\/strong><\/p>\n<p><strong>VV 2021 nov\u00e1 publika\u010dn\u00ed platforma<\/strong><\/p>\n<p>\u010casopis V\u00fdtvarn\u00e1 v\u00fdchova ve sv\u00e9m jubilejn\u00edm 60. ro\u010dn\u00edku pomalu uzav\u00edr\u00e1 \u00e9ru, b\u011bhem n\u00ed\u017e vych\u00e1zel jako ti\u0161t\u011bn\u00e9 periodikum. Brzy bude jako v\u011bt\u0161ina oborov\u00fdch \u010dasopis\u016f vych\u00e1zet v elektronick\u00e9 podob\u011b. V\u011b\u0159\u00edme, \u017ee nov\u00e1 publika\u010dn\u00ed forma p\u0159isp\u011bje ke kvalitativn\u00edmu r\u016fstu a zp\u0159\u00edstupn\u00ed obsah \u0161ir\u0161\u00edmu okruhu \u010dten\u00e1\u0159\u016f.<\/p>\n<p><a href=\"https:\/\/pages.pedf.cuni.cz\/vytvarnavychova\/files\/2020\/11\/Vytvarna-vychova-jak-sel-cas-obalky-1327-az-2017NEW-GIF.gif\"><img loading=\"lazy\" decoding=\"async\" class=\"alignnone size-large wp-image-344\" src=\"https:\/\/pages.pedf.cuni.cz\/vytvarnavychova\/files\/2020\/11\/Vytvarna-vychova-jak-sel-cas-obalky-1327-az-2017NEW-GIF-1024x576.gif\" alt=\"\" width=\"530\" height=\"298\" srcset=\"https:\/\/pages.pedf.cuni.cz\/vytvarnavychova\/files\/2020\/11\/Vytvarna-vychova-jak-sel-cas-obalky-1327-az-2017NEW-GIF-1024x576.gif 1024w, https:\/\/pages.pedf.cuni.cz\/vytvarnavychova\/files\/2020\/11\/Vytvarna-vychova-jak-sel-cas-obalky-1327-az-2017NEW-GIF-300x169.gif 300w, https:\/\/pages.pedf.cuni.cz\/vytvarnavychova\/files\/2020\/11\/Vytvarna-vychova-jak-sel-cas-obalky-1327-az-2017NEW-GIF-768x432.gif 768w\" sizes=\"auto, (max-width: 530px) 100vw, 530px\" \/><\/a><\/p>\n<p><strong><img decoding=\"async\" src=\"https:\/\/pages.pedf.cuni.cz\/vytvarnavychova\/files\/2021\/03\/bily-ctverec-50x50bWEB.jpg\" \/><\/strong><\/p>\n<p><strong>Od 12. do 15. \u0159\u00edjna 2020 se uskute\u010dn\u00ed virtu\u00e1ln\u00ed konference \u010desk\u00e9 sekce INSEA<\/strong><\/p>\n<p>ART EDUCATION IN THE TIME OF CORONAVIRUS<br \/>REFLECTING ON TODAY, ANTICIPATING TOMORROW<\/p>\n<p><a href=\"https:\/\/pages.pedf.cuni.cz\/vytvarnavychova\/files\/2020\/11\/01fd51_41d4036197e149f6a67f5b55df6f878d_mv2.gif\"><img loading=\"lazy\" decoding=\"async\" class=\"alignnone size-large wp-image-295\" src=\"https:\/\/pages.pedf.cuni.cz\/vytvarnavychova\/files\/2020\/11\/01fd51_41d4036197e149f6a67f5b55df6f878d_mv2-1024x604.gif\" alt=\"\" width=\"530\" height=\"313\" srcset=\"https:\/\/pages.pedf.cuni.cz\/vytvarnavychova\/files\/2020\/11\/01fd51_41d4036197e149f6a67f5b55df6f878d_mv2-1024x604.gif 1024w, https:\/\/pages.pedf.cuni.cz\/vytvarnavychova\/files\/2020\/11\/01fd51_41d4036197e149f6a67f5b55df6f878d_mv2-300x177.gif 300w, https:\/\/pages.pedf.cuni.cz\/vytvarnavychova\/files\/2020\/11\/01fd51_41d4036197e149f6a67f5b55df6f878d_mv2-768x453.gif 768w\" sizes=\"auto, (max-width: 530px) 100vw, 530px\" \/><\/a><\/p>\n<p>v\u00edce informac\u00ed naleznete zde:<\/p>\n<p><a href=\"https:\/\/www.inseaconference.com\/\">https:\/\/www.inseaconference.com\/<\/a><\/p>\n<p class=\"font_8\">\u00a0<\/p>\n\n\n<p><\/p>\n","protected":false},"excerpt":{"rendered":"<p>\u010c\u00edslo 1,2\/24 vyjde v elektronick\u00e9 podob\u011b v r\u00e1mci publika\u010dn\u00edho syst\u00e9mu OJS zde. V p\u0159\u00edpad\u011b z\u00e1jmu o registraci do syst\u00e9mu OJS (registraci vy\u0159izuje manager OJS &#8211; je nutn\u00e1 pro v\u0161echny autory) napi\u0161te pros\u00edm na mail: vytvarna.vychova@pedf.cuni.cz \u00a0 19. 1. 2024 by <a class=\"more-link\" href=\"https:\/\/pages.pedf.cuni.cz\/vytvarnavychova\/\">Cel\u00fd \u010dl\u00e1nek  <span class=\"screen-reader-text\">  Aktuality<\/span><span class=\"meta-nav\">&rarr;<\/span><\/a><\/p>\n","protected":false},"author":438,"featured_media":0,"parent":0,"menu_order":1,"comment_status":"closed","ping_status":"closed","template":"page-disable-sidebar.php","meta":{"footnotes":""},"class_list":["post-38","page","type-page","status-publish","hentry"],"_links":{"self":[{"href":"https:\/\/pages.pedf.cuni.cz\/vytvarnavychova\/wp-json\/wp\/v2\/pages\/38","targetHints":{"allow":["GET"]}}],"collection":[{"href":"https:\/\/pages.pedf.cuni.cz\/vytvarnavychova\/wp-json\/wp\/v2\/pages"}],"about":[{"href":"https:\/\/pages.pedf.cuni.cz\/vytvarnavychova\/wp-json\/wp\/v2\/types\/page"}],"author":[{"embeddable":true,"href":"https:\/\/pages.pedf.cuni.cz\/vytvarnavychova\/wp-json\/wp\/v2\/users\/438"}],"replies":[{"embeddable":true,"href":"https:\/\/pages.pedf.cuni.cz\/vytvarnavychova\/wp-json\/wp\/v2\/comments?post=38"}],"version-history":[{"count":111,"href":"https:\/\/pages.pedf.cuni.cz\/vytvarnavychova\/wp-json\/wp\/v2\/pages\/38\/revisions"}],"predecessor-version":[{"id":515,"href":"https:\/\/pages.pedf.cuni.cz\/vytvarnavychova\/wp-json\/wp\/v2\/pages\/38\/revisions\/515"}],"wp:attachment":[{"href":"https:\/\/pages.pedf.cuni.cz\/vytvarnavychova\/wp-json\/wp\/v2\/media?parent=38"}],"curies":[{"name":"wp","href":"https:\/\/api.w.org\/{rel}","templated":true}]}}