{"id":44,"date":"2016-02-12T13:07:41","date_gmt":"2016-02-12T12:07:41","guid":{"rendered":"http:\/\/pages.pedf.cuni.cz\/vytvarnavychova\/?page_id=44"},"modified":"2023-08-11T13:43:43","modified_gmt":"2023-08-11T11:43:43","slug":"archiv-cisel","status":"publish","type":"page","link":"https:\/\/pages.pedf.cuni.cz\/vytvarnavychova\/archiv-cisel\/","title":{"rendered":"Archiv \u010d\u00edsel"},"content":{"rendered":"<p> V archivn\u00ed polo\u017ece webu V\u00fdtvarn\u00e9 v\u00fdchovy prob\u00edh\u00e1 trval\u00e1 aktualizace.<\/p>\n<p>Do archivu \u010d\u00edsel\u00a0jsou ve form\u00e1tu PDF (v kvalit\u011b ur\u010den\u00e9 k prohl\u00ed\u017een\u00ed) postupn\u011b um\u00eds\u0165ov\u00e1na jednotliv\u00e1 \u010d\u00edsla periodika V\u00fdtvarn\u00e1 v\u00fdchova od roku 2011.\u00a0Ro\u010dn\u00edky, respektive \u010d\u00edsla \u010dasopisu, jsou uve\u0159ej\u0148ov\u00e1na s\u00a0ro\u010dn\u00edm zpo\u017ed\u011bn\u00edm od vyd\u00e1n\u00ed ti\u0161t\u011bn\u00e9 verze.<\/p>\n<p>ISSN 1210-3691 (Print)<\/p>\n<p>ISSN 2695-0669 (On-line)<\/p>\n<p><strong>V\u00fdtvarn\u00e1 v\u00fdchova, ro\u010dn\u00edk 62\/2022<\/strong><\/p>\n<p><a href=\"https:\/\/pages.pedf.cuni.cz\/vytvarnavychova\/files\/2023\/08\/Vytvarna-vychova-c3-4-r2022.pdf\">Vytvarna vychova c3-4 r2022<\/a><\/p>\n<p><a href=\"https:\/\/pages.pedf.cuni.cz\/vytvarnavychova\/files\/2023\/02\/Vytvarna-vychova-1_2_2022.pdf\">Vytvarna vychova c1-2 r2022<\/a><\/p>\n<p><strong>V\u00fdtvarn\u00e1 v\u00fdchova, ro\u010dn\u00edk 61\/2021<\/strong><\/p>\n<p><a href=\"https:\/\/pages.pedf.cuni.cz\/vytvarnavychova\/files\/2023\/02\/Vytvarna-vychova-3_4_2021.pdf\">Vytvarna vychova c3-4 r2021<\/a><\/p>\n<p><a href=\"https:\/\/pages.pedf.cuni.cz\/vytvarnavychova\/files\/2022\/01\/VVc1_2_r2021.pdf\">Vytvarna vychova c1-2 r2021<\/a><\/p>\n<p><strong>V\u00fdtvarn\u00e1 v\u00fdchova, ro\u010dn\u00edk 60\/2020<\/strong><\/p>\n<p><a href=\"https:\/\/pages.pedf.cuni.cz\/vytvarnavychova\/files\/2022\/01\/Vytvarna-vychova-c3_4_2020.pdf\">Vytvarna vychova c3-4 r2020<\/a><\/p>\n<p><a href=\"https:\/\/pages.pedf.cuni.cz\/vytvarnavychova\/files\/2021\/02\/Vytvarna-vychova-c1-2-r2020.pdf\">Vytvarna vychova c1-2 r2020<\/a><\/p>\n<p><strong>V\u00fdtvarn\u00e1 v\u00fdchova, ro\u010dn\u00edk 59\/2019<\/strong><\/p>\n<p><a href=\"https:\/\/pages.pedf.cuni.cz\/vytvarnavychova\/files\/2020\/07\/Vytvarna-vychova-c3-4-r2019.pdf\">Vytvarna vychova c3-4 r2019<\/a><\/p>\n<p><a href=\"https:\/\/pages.pedf.cuni.cz\/vytvarnavychova\/files\/2020\/02\/1-2-2019.pdf\">Vytvarna vychova c1-2 r2019<\/a><\/p>\n<p><strong>V\u00fdtvarn\u00e1 v\u00fdchova, ro\u010dn\u00edk 58\/2018<\/strong><\/p>\n<p><a href=\"https:\/\/pages.pedf.cuni.cz\/vytvarnavychova\/files\/2019\/12\/3-4-2018.pdf\">Vytvarna vychova c3-4 r2018<\/a><\/p>\n<p><a href=\"https:\/\/pages.pedf.cuni.cz\/vytvarnavychova\/files\/2019\/12\/1-2-2018.pdf\">Vytvarna vychova c1-2 r2018<\/a><\/p>\n<p><strong>V\u00fdtvarn\u00e1 v\u00fdchova, ro\u010dn\u00edk 57\/2017<\/strong><\/p>\n<p><a href=\"https:\/\/pages.pedf.cuni.cz\/vytvarnavychova\/files\/2019\/12\/3-4-2017.pdf\">Vytvarna vychova c3-4 r2017<\/a><\/p>\n<p><a href=\"https:\/\/pages.pedf.cuni.cz\/vytvarnavychova\/files\/2019\/12\/1-2-2017.pdf\">Vytvarna vychova c1-2 r2017<\/a><\/p>\n<p><strong>V\u00fdtvarn\u00e1 v\u00fdchova, ro\u010dn\u00edk 56\/2016<\/strong><\/p>\n<p><a href=\"https:\/\/pages.pedf.cuni.cz\/vytvarnavychova\/files\/2016\/02\/vv_2_2016.pdf\">Vytvarna vychova c2 r2016<\/a><\/p>\n<p><a href=\"https:\/\/pages.pedf.cuni.cz\/vytvarnavychova\/files\/2016\/11\/vv_1_2016.pdf\">Vytvarna vychova c1 r2016<\/a><\/p>\n<p><strong>V\u00fdtvarn\u00e1 v\u00fdchova, ro\u010dn\u00edk 55\/2015<\/strong><\/p>\n<p><a href=\"https:\/\/pages.pedf.cuni.cz\/vytvarnavychova\/files\/2016\/06\/VV-c3-4-r2015rs.pdf\">Vytvarna vychova c3-4 r2015<\/a><\/p>\n<p><a href=\"https:\/\/pages.pedf.cuni.cz\/vytvarnavychova\/files\/2016\/02\/Vytvarna-vychova-c2-r2015new.pdf\">Vytvarna vychova c2 r2015<\/a><\/p>\n<p><a href=\"https:\/\/pages.pedf.cuni.cz\/vytvarnavychova\/files\/2016\/02\/Vytvarna-vychova-c1-r2015-1.pdf\">Vytvarna vychova c1 r2015<\/a><\/p>\n<p><strong>V\u00fdtvarn\u00e1 v\u00fdchova, ro\u010dn\u00edk 54\/2014<\/strong><\/p>\n<p><a href=\"https:\/\/pages.pedf.cuni.cz\/vytvarnavychova\/files\/2016\/02\/VV-c4-r2014.pdf\" rel=\"\">Vytvarna vychova c4 r2014<\/a><\/p>\n<p><a href=\"https:\/\/pages.pedf.cuni.cz\/vytvarnavychova\/files\/2016\/02\/VV-c3r2014.pdf\" rel=\"\">Vytvarna vychova c3 r2014<\/a><\/p>\n<p><a href=\"https:\/\/pages.pedf.cuni.cz\/vytvarnavychova\/files\/2016\/02\/VV-c2r2014.pdf\" rel=\"\">Vytvarna vychova c2 r2014<\/a><\/p>\n<p><a href=\"https:\/\/pages.pedf.cuni.cz\/vytvarnavychova\/files\/2016\/02\/VV-c1r2014.pdf\" rel=\"\">Vytvarna vychova c1 r2014<\/a><\/p>\n<p><strong>V\u00fdtvarn\u00e1 v\u00fdchova, ro\u010dn\u00edk 53\/2013<\/strong><\/p>\n<p><a href=\"https:\/\/pages.pedf.cuni.cz\/vytvarnavychova\/files\/2016\/02\/VV-c4r2013.pdf\" rel=\"\">Vytvarna vychova c4 r2013<\/a><\/p>\n<p><a href=\"https:\/\/pages.pedf.cuni.cz\/vytvarnavychova\/files\/2016\/02\/VV-c3r2013.pdf\" rel=\"\">Vytvarna vychova c3 r2013<\/a><\/p>\n<p><a href=\"https:\/\/pages.pedf.cuni.cz\/vytvarnavychova\/files\/2016\/02\/VV-c2r2013.pdf\" rel=\"\">Vytvarna vychova c2 r2013<\/a><\/p>\n<p><a href=\"https:\/\/pages.pedf.cuni.cz\/vytvarnavychova\/files\/2016\/02\/VV-c1r2013.pdf\" rel=\"\">Vytvarna vychova c1 r2013<\/a><\/p>\n<p><strong>V\u00fdtvarn\u00e1 v\u00fdchova, ro\u010dn\u00edk 52\/2012<\/strong><\/p>\n<p><a href=\"https:\/\/pages.pedf.cuni.cz\/vytvarnavychova\/files\/2016\/02\/VVc4r2012.pdf\" rel=\"\">Vytvarna vychova c4 r2012<\/a><\/p>\n<p><a href=\"https:\/\/pages.pedf.cuni.cz\/vytvarnavychova\/files\/2016\/02\/VV-c3r2012.pdf\" rel=\"\">Vytvarna vychova c3 r2012<\/a><\/p>\n<p><a href=\"https:\/\/pages.pedf.cuni.cz\/vytvarnavychova\/files\/2016\/02\/VV-c2r2012.pdf\" rel=\"\">Vytvarna vychova c2 r2012<\/a><\/p>\n<p><a href=\"https:\/\/pages.pedf.cuni.cz\/vytvarnavychova\/files\/2016\/02\/VV-c1r2012.pdf\" rel=\"\">Vytvarna vychova c1 r2012<\/a><\/p>\n<p><strong>V\u00fdtvarn\u00e1 v\u00fdchova, ro\u010dn\u00edk 51\/2011<\/strong><\/p>\n<p><a href=\"https:\/\/pages.pedf.cuni.cz\/vytvarnavychova\/files\/2016\/02\/VV-c3-4-r2011.pdf\">Vytvarna vychova c3-4 r2011<\/a><\/p>\n<p><a href=\"https:\/\/pages.pedf.cuni.cz\/vytvarnavychova\/files\/2016\/02\/VV-c2-r2011.pdf\">Vytvarna vychova c2 r2011<\/a><\/p>\n<p><a href=\"https:\/\/pages.pedf.cuni.cz\/vytvarnavychova\/files\/2016\/02\/VV-c1-r2011.pdf\">Vytvarna vychova c1 r2011<\/a><\/p>\n","protected":false},"excerpt":{"rendered":"<p>V archivn\u00ed polo\u017ece webu V\u00fdtvarn\u00e9 v\u00fdchovy prob\u00edh\u00e1 trval\u00e1 aktualizace. Do archivu \u010d\u00edsel\u00a0jsou ve form\u00e1tu PDF (v kvalit\u011b ur\u010den\u00e9 k prohl\u00ed\u017een\u00ed) postupn\u011b um\u00eds\u0165ov\u00e1na jednotliv\u00e1 \u010d\u00edsla periodika V\u00fdtvarn\u00e1 v\u00fdchova od roku 2011.\u00a0Ro\u010dn\u00edky, respektive \u010d\u00edsla \u010dasopisu, jsou uve\u0159ej\u0148ov\u00e1na s\u00a0ro\u010dn\u00edm zpo\u017ed\u011bn\u00edm od vyd\u00e1n\u00ed ti\u0161t\u011bn\u00e9 <a class=\"more-link\" href=\"https:\/\/pages.pedf.cuni.cz\/vytvarnavychova\/archiv-cisel\/\">Cel\u00fd \u010dl\u00e1nek  <span class=\"screen-reader-text\">  Archiv \u010d\u00edsel<\/span><span class=\"meta-nav\">&rarr;<\/span><\/a><\/p>\n","protected":false},"author":438,"featured_media":0,"parent":0,"menu_order":0,"comment_status":"closed","ping_status":"closed","template":"page-disable-sidebar.php","meta":{"footnotes":""},"class_list":["post-44","page","type-page","status-publish","hentry"],"_links":{"self":[{"href":"https:\/\/pages.pedf.cuni.cz\/vytvarnavychova\/wp-json\/wp\/v2\/pages\/44","targetHints":{"allow":["GET"]}}],"collection":[{"href":"https:\/\/pages.pedf.cuni.cz\/vytvarnavychova\/wp-json\/wp\/v2\/pages"}],"about":[{"href":"https:\/\/pages.pedf.cuni.cz\/vytvarnavychova\/wp-json\/wp\/v2\/types\/page"}],"author":[{"embeddable":true,"href":"https:\/\/pages.pedf.cuni.cz\/vytvarnavychova\/wp-json\/wp\/v2\/users\/438"}],"replies":[{"embeddable":true,"href":"https:\/\/pages.pedf.cuni.cz\/vytvarnavychova\/wp-json\/wp\/v2\/comments?post=44"}],"version-history":[{"count":23,"href":"https:\/\/pages.pedf.cuni.cz\/vytvarnavychova\/wp-json\/wp\/v2\/pages\/44\/revisions"}],"predecessor-version":[{"id":511,"href":"https:\/\/pages.pedf.cuni.cz\/vytvarnavychova\/wp-json\/wp\/v2\/pages\/44\/revisions\/511"}],"wp:attachment":[{"href":"https:\/\/pages.pedf.cuni.cz\/vytvarnavychova\/wp-json\/wp\/v2\/media?parent=44"}],"curies":[{"name":"wp","href":"https:\/\/api.w.org\/{rel}","templated":true}]}}